9))/(-2) - -11. Let n(i) = -i**2 + 5*i + 2. Determine n(v).
6
Let i = -963 - -957. Let w(r) be the third derivative of r**5/60 + 7*r**4/24 + 3*r**3/2 - r**2. What is w(i)?
3
Let p(m) = 7*m + 12*m**2 - 23*m**2 + 13*m**2 + 7 - 3. Let x(s) = s**3 + s**2 - s - 2. Let c be x(-2). Calculate p(c).
8
Let s(n) = -n**2 + 1. Let k(g) = -g**2 + g + 1. Let b(y) = 14*y**2 - 10*y - 14. Let x(a) = -b(a) - 8*k(a). Let m(d) = 5*s(d) - x(d). Give m(4).
7
Let d(q) = q**2 - 4*q - 5. Let z be (17/(-3))/((-4)/12). Let h = z + -12. Let i(b) = b**3 - 7*b**2 + 11*b. Let j be i(h). Determine d(j).
0
Let d(o) = -o**3 - 15*o**2 - 18*o + 13. Let j be d(-14). Suppose -13*s = -j + 4. Let q(a) = -a - 6. Determine q(s).
-11
Let g = -221 - -213. Let w(j) = -j - 5. Give w(g).
3
Let n(f) be the second derivative of -f**7/140 - f**6/180 - f**5/60 - f**4/24 - 7*f**3/3 + 13*f. Let x(l) be the second derivative of n(l). What is x(-1)?
5
Let a(y) be the second derivative of y**4/6 - y**3/6 + 3*y**2 + 2*y + 36. Determine a(0).
6
Suppose 13*n - 6*n - 14 = 0. Let w(v) be the first derivative of -7/2*v**n - v - 1/4*v**4 + 3 - 7/3*v**3. Give w(-6).
5
Let c(p) = -p - 1. Let n(x) = 2*x**2 - 21*x. Let w be n(10). Calculate c(w).
9
Let r be (18/21*(-14)/8)/((-3)/2). Let q(i) = -14*i**2 - 5*i - 4. Let p(m) = -13*m**2 - 4*m - 3. Let a(y) = -5*p(y) + 4*q(y). Determine a(r).
8
Let d(i) = -11*i**2 + 2*i - 2. Let k(c) = 25*c**2 - 4*c + 7. Let o(w) = -5*d(w) - 2*k(w). Give o(2).
12
Let z(m) = 13 + 13*m**2 - 12*m**2 - 5 - 6*m. Let t be z(4). Let x(p) = -p + 10. Determine x(t).
10
Let f(p) be the first derivative of -p**3/3 + 4*p**2 + 165. What is f(8)?
0
Let m(x) = -13 - x**2 - 4 - 7*x + 8*x + 0*x. Let z(o) = -o**2 + 6*o. Let j be z(6). Determine m(j).
-17
Let p(q) be the third derivative of q**4/24 + q**3/6 + q**2. Let i(z) = -2*z**3 + 3*z**2 - z - 1. Let v be i(3). Let d = v - -29. What is p(d)?
-1
Let g(v) = 2*v**2 - 5*v + 7. Suppose -w - 222 = -227. Calculate g(w).
32
Suppose 3*t = d - 11, 5*t + 12 = -3. Let j be (-1)/1*(d - -2). Let p(o) = o**3 + 4*o**2 - 3*o - 1. Calculate p(j).
11
Let l(m) be the second derivative of -m**4/6 - m**3/3 - m**2/2 + 215*m. Give l(2).
-13
Let l(q) = q**3 + 21*q**2 + 2*q + 531. Let j be l(-22). Let p(g) be the first derivative of -5/2*g**2 + g + 1/3*g**j - 8. Give p(5).
1
Let g(r) = -r**3 + 6*r**2 - 6*r + 5. Suppose 0 = 2*f + f - 9. Suppose 2*n = -5*i + 3, f*n + 2*i - 5 = 5. Let z be -2*((-18)/n - -2). What is g(z)?
0
Let n(y) = y + 15. Let s(a) = -7*a + 18. Let q be s(4). Let t be n(q). Let w(j) = j**3 - 5*j**2 - 4. Determine w(t).
-4
Suppose i = 5*u - 6, -u + 2*u = -2*i - 1. Let f(b) = -33. Let w(q) = -7*q**2 + 165. Let a(g) = 5*f(g) + w(g). Give a(i).
-7
Let a(r) = -2*r - 4. Let z be a(-3). Suppose f - 3*x - 5 = 14, 0 = 3*f + 3*x - 9. Let p(b) = 0*b**2 - b**3 - 19 + 23 + f*b**z. What is p(7)?
4
Let g(n) be the third derivative of -n**4/24 - n**3/2 - 8*n**2. Suppose 0*t = 8*t - 24. Determine g(t).
-6
Let a(p) = p**2 - 5*p + 1. Let s be ((-5)/(25/2))/(14/(-140)). Give a(s).
-3
Let h = -2 + 8. Suppose h = -l - 2*l. Let r(b) = -6*b. Determine r(l).
12
Let b(h) be the second derivative of h**4/12 + h**3/3 - 3*h**2 - 3*h + 14. Determine b(-5).
9
Let a(t) = -4*t - 16. Let w(v) = -v. Let o(b) = -a(b) + 3*w(b). What is o(-8)?
8
Let c(d) = d**3 + 4*d**2 - 2*d + 1. Let b(w) = w**3 + 17*w**2 - 2*w - 39. Suppose 3*f + 3*j = -j - 43, 0 = f - j + 19. Let z be b(f). Determine c(z).
-14
Let p(x) = 2*x - 4. Let c(y) = y**2 - 6*y + 4. Let n be c(4). Let k = n + 94. Let g be (k/105)/(1/7). Calculate p(g).
8
Let v(o) = -4*o**2 - 1. Suppose 8*a = 3*a. Suppose a*y + 3*y - 3*p - 9 = 0, 3*y - 8 = 4*p. Suppose 2 = -3*m - y, -4*m = -3*r + 5. Determine v(r).
-5
Suppose 408*y - 22 = 419*y. Let a(t) = t**3 - t**2 - 4*t + 2. What is a(y)?
-2
Let q = -49 - -57. Let c(y) = y**3 - 7*y**2 - 7*y - 3. Calculate c(q).
5
Let y(m) = m + 2. Suppose -4*q + 17 = 5*l, -l - 14 = -0*l - 5*q. Suppose 0 = 5*j - 5, 4*o - 2*o - 5*j + l = 0. Let f be 0 + (-7)/((-7)/o). Calculate y(f).
4
Let i(f) = 5 - 1 + 0 + 0 + 2*f. Let y be i(0). Let z(j) = j**3 - 5*j**2 + 7*j - 5. Determine z(y).
7
Suppose 0 = 77*r - 79*r - 5*t - 17, 14 = -2*r - 4*t. Let f(a) = 53*a**2 + 3*a + 2. Give f(r).
52
Let q(n) = n**3 + 3*n**2 - 3*n - 6. Let t be 1/1 + 0 - 16. Let r be t/(-4) - 8/(-32). Suppose -3*b + 2*y = -5*b - 6, -r*b = -2*y + 18. Calculate q(b).
-10
Let d(c) = -c**2 + c + 1. Let j(x) = -3*x**2 + 25*x - 6. Let f(o) = -o**2 + 12*o - 3. Let u(y) = -5*f(y) + 2*j(y). Let l = 3 - 13. Let s be u(l). Give d(s).
-5
Let c(s) = s**3 + 5*s**2 - 3*s - 7. Let p be 1 + (-4)/(16/(-12)). Let d(y) = -5*y. Let n(r) = 9*r - 1. Let k(l) = -5*d(l) - 3*n(l). Let o be k(p). What is c(o)?
8
Let i be (-144)/10 + 4/10. Let s be (56/(-20) + 4)/((-3)/15). Let r be 6/9 + i/s. Let b(x) = -x**2 + 2*x. Calculate b(r).
-3
Let l(o) be the first derivative of 1/4*o**4 + 1/2*o**2 - o + o**3 - 4. Determine l(-3).
-4
Let j = -5 - -11. Suppose 0 = -3*p + j, 4*p - 2 = f + p. Suppose 3*r = -f + 22. Let k(g) = -g + 11. Calculate k(r).
5
Let k(q) = -1. Let f(b) = b**2 - 9*b - 6. Let p(x) = f(x) - 5*k(x). Determine p(6).
-19
Let h = -500 - -490. Let z(u) = u**2 + 13*u + 33. Calculate z(h).
3
Let w = -14 - -10. Let b(n) be the first derivative of n**4/4 + 5*n**3/3 + 2*n**2 - 3*n - 2. Give b(w).
-3
Let m(o) = 83*o - 154*o + 64*o + 1. Calculate m(4).
-27
Let t(z) = -z**3 - 5*z**2 + 4*z - 7. Let k be (255/75)/((-1)/(-5)). Suppose 5*q = -k - 13. Determine t(q).
5
Let p(q) be the third derivative of -q**6/120 - q**5/10 - q**3/6 - 7*q**2. Let k(w) = -5*w - w + 3 + 0*w**2 + 3*w**2 - 2*w**2. Let b be k(3). Give p(b).
-1
Let c(p) = -p**2 - 7*p + 8. Let k be c(-8). Let a be -9*-2*(-5 - -1)/(-12). Suppose k = -a*f + 3*f + 12. Let l(m) = -5*m + 6. Give l(f).
-14
Suppose 15 = 3*d, -4*b + 3*d - 10 = -3. Let m(o) = 1 - 5 + o + b + 4*o. Calculate m(2).
8
Let z(x) = 6*x - 11. Let t = 39 - 45. Let p(f) be the second derivative of f**3/2 - 5*f**2/2 - 3*f. Let h(g) = t*z(g) + 13*p(g). What is h(-3)?
-8
Let g(s) = 27*s**2 - 13*s - 24. Let p(d) = -13*d**2 + 6*d + 11. Let m(o) = 6*g(o) + 13*p(o). Suppose 5*t - t - 4 = 0. What is m(t)?
-8
Suppose 21 = 2*k + 3*b, -5*k - 4*b + 27 = -5*b. Let f be -6*(4/k)/(-2). Let n(g) = f*g**2 + 5*g**2 + g - 6*g**2 + 9. Determine n(0).
9
Suppose 47*i - 41*i - 24 = 0. Suppose i = 10*c - 66. Let y(z) = -z**3 + 7*z**2 - z - 4. Give y(c).
-11
Let q(a) = -4*a**3 + 25*a**2 - 6*a. Let m be q(6). Let g(c) = 4*c**2 + 4 - 3*c**2 + 6. Give g(m).
10
Suppose 0 = 4*a - 0*o - 5*o - 26, 0 = -2*o - 4. Let z(c) = -4*c**2 - 3*c. Let g(b) = -b**2. Let h(s) = 5*g(s) - z(s). What is h(a)?
-4
Suppose -14*x = -9*x - d - 25, 3*d - 5 = -x. Let h(o) = 2*o**2 - o - 11. Give h(x).
34
Suppose 51*i + 273 = -33. Let p(t) = t + 7. Give p(i).
1
Let a(b) = b + 7. Let d(k) = k**2 - 7*k + 5. Let p be 54/10 - 10/25. Let n be d(p). What is a(n)?
2
Suppose -5*g = -p - 0*p - 60, 5*p + 80 = 5*g. Let j(d) = 2 - 4 - d - 5 + g. Determine j(2).
2
Let r(c) = c**2 - c. Let l(w) = -7*w**2 - 3*w - 36. Let i(h) = l(h) + 5*r(h). Let p(s) be the first derivative of i(s). Determine p(-7).
20
Suppose -7*s + 3*s - 11 = -3*u, -2*s - 8 = -4*u. Let v(b) = -2*b**3 - b**2 - b. Give v(s).
14
Let m(y) = 5*y**3 + 5*y**2 + 2*y. Let k(v) = 2*v + 5. Let o be k(3). Let x(h) = 14*h**3 + 15*h**2 + 6*h. Let c(q) = o*m(q) - 4*x(q). Determine c(-2).
-8
Let d = 103 - 94. Let o(i) = -i**2 + 8*i + 6. Let f(v) = 5*v**2 - 33*v - 25. Let n(c) = d*o(c) + 2*f(c). Give n(-5).
-1
Let d be (6/(-21))/((-1)/(20 + 1)). Let g(b) = -b**3 + 5*b**2 + 4*b + 3. Determine g(d).
-9
Let u be 100/(-30)*(-6)/4. Suppose 30 = -7*p - u. Let x(r) = r + 5. Determine x(p).
0
Let m(y) = 3*y - 1. Let p(o) = 28*o - 8. Let q(v) = -10*m(v) + p(v). Give q(8).
-14
Let f(h) be the first derivative of h**4/4 - 4*h**3 - 13*h**2/2 + 2*h - 183. Determine f(13).
2
Let f = 483 + -477. Let h(w) = 5*w + 11. Let u(y) = 2*y + 5. Let v = 9 - -5. Let p(r) = v*u(r) - 6*h(r). Determine p(f).
-8
Let h(k) be the first derivative of -31*k**2/2 - 409. Determine h(2).
-62
Let k(w) = -27*w - 2. Let h be 6/(-10) + (315/25 - 13). Give k(h).
25
Let k(c) = -c**3 + c**2 - 3*c + 2. Let u(t) = -2*t**3 + 2*t**2 - 4*t + 2. Let f(r) = 3*k(r) - 2*u(r). What is f(0)?
2
Let q = 492 + -488. Let p(w) = -w 